{"id":1531,"date":"2019-09-16T09:04:00","date_gmt":"2019-09-16T09:04:00","guid":{"rendered":"http:\/\/larock.com.es\/site\/?page_id=1531"},"modified":"2019-09-16T09:04:00","modified_gmt":"2019-09-16T09:04:00","slug":"politica-de-privacidad","status":"publish","type":"page","link":"http:\/\/larock.com.es\/site\/politica-de-privacidad\/","title":{"rendered":"Pol\u00edtica de privacidad"},"content":{"rendered":"\n<p>El Titular le informa sobre su Pol\u00edtica de Privacidad respecto del tratamiento y protecci\u00f3n de los datos de car\u00e1cter personal de los usuarios  que puedan ser recabados durante la navegaci\u00f3n a trav\u00e9s del Sitio Web: <a href=\"\">http:\/\/larock.com.es\/site<\/a>\n<\/p>\n\n<p>\n\tEn este sentido, el Titular garantiza el cumplimiento de la normativa vigente en materia de protecci\u00f3n de datos personales, reflejada en la Ley Org\u00e1nica 3\/2018, de 5 de diciembre, de Protecci\u00f3n de Datos Personales y de Garant\u00eda de Derechos Digitales (LOPD GDD). Cumple tambi\u00e9n con el Reglamento (UE) 2016\/679 del Parlamento Europeo y del Consejo de 27 de abril de 2016 relativo a la protecci\u00f3n de las personas f\u00edsicas (RGPD).\n<\/p>\n\n<p>\n\tEl uso de sitio Web implica la aceptaci\u00f3n de esta Pol\u00edtica de Privacidad&nbsp;as\u00ed como las condiciones incluidas en el &nbsp;<a href=\"http:\/\/larock.com.es\/site\/?page_id=1535\">Aviso Legal<\/a>.\n<\/p>\n\n<h2>Identidad del Responsable<\/h2>\n<p>\n  <ul>    \n    <li>\n      <b>Responsable:<\/b>&nbsp;   \n      L.A. ROCK ENTERTAINMENT S.L..\n      \n    <\/li>\n    \n    <li>\n      <b>NIF:<\/b>&nbsp;B-82604968\n      \n    <\/li>\n\n\n    <li>\n      <b>Domicilio:<\/b>&nbsp;\n       C\/ Poniente, 31, Las Rozas \u2013 28290 (Madrid),  Madrid - Espa\u00f1a.\n    <\/li>\n    \n    <li>\n      <b>Correo electr\u00f3nico:<\/b>&nbsp;\n      administracion@larock.com.es\n    <\/li>\n    \n    <li>\n      <b>Tel\u00e9fono de contacto:<\/b>&nbsp;\n      91 630 20 67\n    <\/li>\n\n    <li>\n      <b>Sitio Web:<\/b>&nbsp;\n      <a href=\"\">http:\/\/larock.com.es\/site<\/a>\n    <\/li>\n  <\/ul>\n<\/p>\n\n\n<h2>Principios aplicados en el tratamiento de datos<\/h2>\n<p>\n\tEn el tratamiento de sus datos personales, el Titular aplicar\u00e1 los siguientes principios que se ajustan a las exigencias del nuevo reglamento europeo de protecci\u00f3n de datos (RGPD):\n<\/p>\n\n<p>\n  <ul>\n    <li>\n      Principio de licitud, lealtad y transparencia: El Titular siempre requerir\u00e1 el consentimiento para el tratamiento de los datos personales que puede ser para uno o varios fines espec\u00edficos sobre los que el Titular informar\u00e1 al Usuario previamente con absoluta transparencia.\n    <\/li>\n    <li>\n      Principio de minimizaci\u00f3n de datos: El Titular solicitar\u00e1 solo los datos estrictamente necesarios para el fin o los fines que los solicita.\n    <\/li> \n    <li>\n      Principio de limitaci\u00f3n del plazo de conservaci\u00f3n: El Titular mantendr\u00e1 los datos personales recabados durante el tiempo estrictamente necesario para el fin o los fines del tratamiento. El Titular informar\u00e1 al Usuario del plazo de conservaci\u00f3n correspondiente seg\u00fan la finalidad.\n      <br>En el caso de suscripciones, el Titular revisar\u00e1 peri\u00f3dicamente las listas y eliminar\u00e1 aquellos registros inactivos durante un tiempo considerable.\n    <\/li>\n    <li>\n      Principio de integridad y confidencialidad: Los datos personales recabados ser\u00e1n tratados de tal manera que su seguridad, confidencialidad e integridad est\u00e1 garantizada.\n      <br>El Titular toma las precauciones necesarias para evitar el acceso no autorizado o uso indebido de los datos de sus usuarios por parte de terceros.\n    <\/li>\n  <\/ul>\n<\/p>\n\n<h2>Obtenci\u00f3n de datos personales<\/h2>\n<p>\n  Para navegar por el sitio Web no es necesario que facilite ning\u00fan dato personal.\n<\/p>\n\n<p>\n  Los casos en los que usted s\u00ed proporciona sus datos personales son los siguientes:\n<\/p>\n<p>\n  <ul>    \n      <li>Al inscribirse en un formulario de suscripci\u00f3n o un bolet\u00edn que el Titular gestiona con MailChimp.<\/li>\n  <\/ul>\n<\/p>\n\n<h2>Derechos<\/h2>\n<p>\n  El Titular le informa que sobre sus datos personales tiene derecho a:\n<\/p>\n<p>\n  <ul>\n    <li>Solicitar el acceso a los datos almacenados.<\/li>\n    <li>Solicitar una rectificaci\u00f3n o la supresi\u00f3n.<\/li>\n    <li>Solicitar la limitaci\u00f3n de su tratamiento.<\/li>\n    <li>Oponerse al tratamiento.<\/li>\n  <\/ul>\n<\/p>\n<p>\n  No puede ejercitar el derecho a la portabilidad de los datos.\n<\/p>\n\n<p>\n  El ejercicio de estos derechos es personal y por tanto debe ser ejercido directamente por el interesado, solicit\u00e1ndolo directamente al Titular, lo que significa que cualquier cliente, suscriptor o colaborador que haya facilitado sus datos en alg\u00fan momento, puede dirigirse al Titular y pedir informaci\u00f3n sobre los datos que tiene almacenados y c\u00f3mo los ha obtenido, solicitar la rectificaci\u00f3n de los mismos, oponerse al tratamiento, limitar su uso o solicitar la supresi\u00f3n de esos datos en los ficheros del Titular.\n<\/p>\n\n<p>  \n  Para ejercitar sus derechos tiene que enviar su petici\u00f3n junto con una fotocopia del Documento Nacional de Identidad o equivalente a&nbsp;\n  la direcci\u00f3n de correo electr\u00f3nico:&nbspadministracion@larock.com.es\n<\/p>\n\n<p>\n  El ejercicio de estos derechos no incluye ning\u00fan dato que el Titular est\u00e9 obligado a conservar con fines administrativos, legales o de seguridad.\n<\/p>\n\n<p>\n  Tiene derecho a la tutela judicial efectiva y a presentar una reclamaci\u00f3n ante la autoridad de control, en este caso, la Agencia Espa\u00f1ola de Protecci\u00f3n de Datos, si considera que el tratamiento de datos personales que le conciernen infringe el Reglamento.\n<\/p>\n\n<h2 id=\"finalidad-del-tratamiento-de-datos-personales\">Finalidad del tratamiento de datos personales<\/h2>\n<p>\n  Cuando usted se conecta al Sitio Web para mandar un correo al Titular, se suscribe a su bolet\u00edn  est\u00e1 facilitando informaci\u00f3n de car\u00e1cter personal de la que el responsable es el Titular. Esta informaci\u00f3n puede incluir datos de car\u00e1cter personal como pueden ser su direcci\u00f3n IP, nombre y apellidos, direcci\u00f3n f\u00edsica, direcci\u00f3n de correo electr\u00f3nico, n\u00famero de tel\u00e9fono, y otra informaci\u00f3n. Al facilitar esta informaci\u00f3n, da su consentimiento para que su informaci\u00f3n sea recopilada, utilizada, gestionada y almacenada por \n  \n  &mdash;\n  \n  L.A. ROCK ENTERTAINMENT S.L.\n  &mdash;\n    s\u00f3lo como se describe en las p\u00e1ginas:\n    <ul>\n      <li><a href=\"http:\/\/larock.com.es\/site\/?page_id=1535\">Aviso Legal<\/a><\/li>\n      <li><a href=\"http:\/\/larock.com.es\/site\/politica-de-privacidad\/\">Pol\u00edtica de Privacidad<\/a><\/li>\n    <\/ul>\n<\/p>\n<p>\n  Los datos personales y la finalidad del tratamiento por parte del Titular es diferente seg\u00fan el sistema de captura de informaci\u00f3n:\n<\/p>\n<p>\n  <ul>    \n    <li>\n      Formularios de suscripci\u00f3n a contenidos: El Titular solicita los siguientes datos personales: nombre y apellidos, direcci\u00f3n de correo electr\u00f3nico, n\u00famero de tel\u00e9fono y direcci\u00f3n de un sitio web para gestionar la lista de suscripciones, enviar boletines, promociones y ofertas especiales. Los datos personales facilitados al Titular estar\u00e1n ubicados en los servidores de The Rocket Science Group LLC d\/b\/a, con domicilio en EEUU. (Mailchimp).\n    <\/li>\n  <\/ul> \n<\/p>\n<p>   \n  Existen otras finalidades por las que el Titular trata datos personales:\n<\/p>\n<p>\n  <ul>\n    <li>\n      Para garantizar el cumplimiento de las condiciones recogidas en la p\u00e1gina de Aviso Legal y de  la ley aplicable. Esto puede incluir el desarrollo de herramientas y algoritmos que ayuden al Sitio Web a garantizar la confidencialidad de los datos personales que recoge.\n    <\/li>\n    <li>\n      Para apoyar y mejorar los servicios que ofrece este Sitio Web.\n    <\/li>\n    <li>\n      <p>\n      Para gestionar las redes sociales. El Titular tiene presencia en redes sociales.\n        Si usted se hace seguidor en las redes sociales del Titular el tratamiento de los datos personales se regir\u00e1 por este apartado, as\u00ed como por aquellas condiciones de uso, pol\u00edticas de privacidad y normativas de acceso que pertenezcan a la red social que proceda en cada caso y que ha aceptado previamente.\n        <br>\n        Puede consultar las pol\u00edticas de privacidad de las principales redes sociales en estos enlaces:\n      <\/p>\n      <p>     \n      <ul>\n        <li><a href=\"https:\/\/www.facebook.com\/help\/cookies\" rel=\"nofollow\" target=\"_blank\">Facebook<\/a><\/li>\n        <li><a href=\"https:\/\/twitter.com\/privacy\" rel=\"nofollow\" target=\"_blank\">Twitter<\/a><\/li>\n        <li><a href=\"https:\/\/www.linkedin.com\/legal\/cookie-policy\" rel=\"nofollow\" target=\"_blank\">Linkedin<\/a><\/li>\n        <li><a href=\"https:\/\/www.youtube.com\/privacy\" rel=\"nofollow\" target=\"_blank\">YouTube<\/a><\/li>\n        <li><a href=\"https:\/\/www.instagram.com\/legal\/privacy\/\" rel=\"nofollow\" target=\"_blank\">Instagram<\/a><\/li>\n      <\/ul>\n      <\/p>\n      <p>\n        El Titular tratar\u00e1 sus datos personales con la finalidad de administrar correctamente su presencia en la red social, informarle de sus actividades, as\u00ed como para cualquier otra finalidad que las normativas de las redes sociales permiten.\n      <\/p>\n      <p>\n        En ning\u00fan caso el Titular utilizar\u00e1 los perfiles de seguidores en redes sociales para enviar publicidad de manera individual.\n      <\/p>\n    <\/li>\n  <\/ul>\n<\/p>\n\n\n<h2>Seguridad de los datos personales<\/h2>\n<p>\n  Para proteger sus datos personales, el Titular toma todas las precauciones razonables y sigue las mejores pr\u00e1cticas de la industria para evitar su p\u00e9rdida, mal uso, acceso indebido, divulgaci\u00f3n, alteraci\u00f3n o destrucci\u00f3n de los mismos.\n<\/p>\n  <p>\n    Sus datos podr\u00e1n ser incorporados a un fichero de lista de correo, del cual el Titular es responsable de su gesti\u00f3n y tratamiento. La seguridad de sus datos est\u00e1 garantizada, ya que el Titular toma todas las medidas de seguridad necesarias y le garantiza que los datos personales s\u00f3lo se usar\u00e1n para las finalidades dadas.\n  <\/p>\n\n\n  <p>\n    El Titular informa al Usuario de que sus datos personales no ser\u00e1n cedidos a terceras organizaciones, con la salvedad de que dicha cesi\u00f3n de datos est\u00e9 amparada en una obligaci\u00f3n legal o cuando la prestaci\u00f3n de un servicio implique la necesidad de una relaci\u00f3n contractual con un encargado de tratamiento. En este \u00faltimo caso, solo se llevar\u00e1 a cabo la cesi\u00f3n de datos al tercero cuando el Titular disponga del consentimiento expreso del Usuario.\n  <\/p>\n  <p>\n    Sin embargo, en algunos casos se pueden realizar colaboraciones con otros profesionales, en esos casos, se requerir\u00e1 consentimiento al Usuario informando sobre la identidad del colaborador y la finalidad de la colaboraci\u00f3n. Siempre se realizar\u00e1 con los m\u00e1s estrictos est\u00e1ndares de seguridad.\n  <\/p>\n\n\n<h2>Contenido de otros sitios web<\/h2>\n<p>\n  Las p\u00e1ginas de este sitio Web pueden incluir contenido incrustado (por ejemplo, v\u00eddeos, im\u00e1genes, art\u00edculos, etc.). El contenido incrustado de otras web se comporta exactamente de la misma manera que si hubiera visitado la otra web.\n<\/p>\n<p>\n  Estos sitios Web pueden recopilar datos sobre usted, utilizar cookies, incrustar un c\u00f3digo de seguimiento adicional de terceros, y supervisar su interacci\u00f3n usando este c\u00f3digo.\n<\/p>\n\n\n<h2>Pol\u00edtica de Cookies<\/h2>\n<p>\n  Para que este sitio Web funcione correctamente necesita utilizar cookies, que es una informaci\u00f3n que se almacena en su navegador web. \n  \n<\/p>\n\n\n\n<h2>Legitimaci\u00f3n para el tratamiento de datos<\/h2>\n<p>\n  La base legal para el tratamiento de sus datos es:\n  <ul>\n    <li>\n      El consentimiento del interesado.\n    <\/li> \n  <\/ul>\n<\/p>\n\n\n<h2>Categor\u00edas de datos personales<\/h2>\n<p>\n  Las categor\u00edas de datos personales que trata el Titular son:\n<\/p>\n<p>\n  <ul>    \n    <li>Datos identificativos.<\/li>\n    <li>No se tratan categor\u00edas de datos especialmente protegidos.<\/li>\n  <\/ul>\n<\/p>\n\n\n<h2>Conservaci\u00f3n de datos personales<\/h2>\n<p>  \n  Los datos personales proporcionados al Titular se conservar\u00e1n hasta que solicite su supresi\u00f3n.\n<\/p>\n\n\n<div id=\"destinatarios\">\n<h2>Destinatarios de datos personales<\/h2>\n<p>\n  <ul>  \n    <li>\n      <b>Mailchimp<\/b> The Rocket Science Group LLC d\/b\/a , con domicilio en EEUU.\n      <br>M\u00e1s informaci\u00f3n en:&nbsp;<a href=\"https:\/\/mailchimp.com\/legal\/privacy\/\" rel=\"nofollow\" target=\"_blank\">https:\/\/mailchimp.com<\/a>\n      <br>The Rocket Science Group LLC d\/b\/a trata los datos con la finalidad de prestar sus servicios de email marketing al Titular.\n    <\/li>\n    <li>\n      <b>Google Analytics<\/b> es un servicio de anal\u00edtica web prestado por Google, Inc., una compa\u00f1\u00eda de Delaware cuya oficina principal est\u00e1 en 1600 Amphitheatre Parkway, Mountain View (California), CA 94043, Estados Unidos (&quot;Google&quot;).      \n      <br>Google Analytics utiliza &quot;cookies&quot;, que son archivos de texto ubicados en tu ordenador, para ayudar al Titular a analizar el uso que hacen los Usuarios del sitio Web. La informaci\u00f3n que genera la cookie acerca del uso del sitio Web (incluyendo la direcci\u00f3n IP) ser\u00e1 directamente transmitida y archivada por Google en los servidores de Estados Unidos.\n      <br>M\u00e1s informaci\u00f3n en:&nbsp;<a href=\"https:\/\/policies.google.com\/privacy?hl=es-ES\" rel=\"nofollow\" target=\"_blank\">https:\/\/analytics.google.com<\/a>\n    <\/li>   \n  <\/ul>\n<\/p>\n<\/div>\n\n  <p>\n    Puede consultar como Google gestiona la privacidad en lo que respecta al uso de las cookies y otra informaci\u00f3n en la p\u00e1gina de Pol\u00edtica de privacidad de Google:&nbsp;<a target=\"_blank\" href=\"https:\/\/policies.google.com\/privacy?hl=es\" rel=\"nofollow\">https:\/\/policies.google.com\/privacy?hl=es<\/a>\n  <\/p>\n  \n  <p>\n    Tambi\u00e9n puede ver una lista de los tipos de cookies que utiliza Google y sus colaboradores y toda la informaci\u00f3n relativa al uso que hacen de las cookies publicitarias en:\n  <\/p>\n    <ul>\n      <li><a target=\"_blank\" href=\"https:\/\/policies.google.com\/technologies\/types?hl=es\" rel=\"nofollow\">Tipos de cookies que utiliza Google<\/a><\/li>\n      <li><a target=\"_blank\" rel=\"nofollow\" href=\"https:\/\/policies.google.com\/technologies\/ads?hl=es\">C\u00f3mo utiliza Google las cookies en publicidad<\/a>.<\/li>\n    <\/ul>\n\n\n<h2>Navegaci\u00f3n Web<\/h2>\n<p>\n  Al navegar por el Sitio Web se pueden recoger datos no identificativos, que pueden incluir, la direcci\u00f3n IP, geolocalizaci\u00f3n, un registro de c\u00f3mo se utilizan los servicios y sitios, h\u00e1bitos de navegaci\u00f3n y otros datos que no pueden ser utilizados para identificarle.\n<\/p>\n\n<p>\n  El sitio Web utiliza los siguientes servicios de an\u00e1lisis de terceros:\n<\/p>\n\n<p>\n  <ul>\n    <li>Google Analytics.<\/li>\n    \n    \n  <\/ul>\n<\/p>\n<p>\n  El Titular utiliza la informaci\u00f3n obtenida para obtener datos estad\u00edsticos, analizar tendencias, administrar el sitio, estudiar patrones de navegaci\u00f3n y para recopilar informaci\u00f3n demogr\u00e1fica.\n<\/p>\n<p>\n  El Titular no se hace responsable del tratamiento de los datos personales que realicen las p\u00e1ginas web a las que pueda acceder a trav\u00e9s de los distintos enlaces que contiene el Sitio Web.\n<\/p>\n\n\n<h2>Exactitud y veracidad de los datos personales<\/h2>\n<p>\n  Usted se compromete a que los datos facilitados al Titular sean correctos, completos, exactos y vigentes, as\u00ed como a mantenerlos debidamente actualizados.\n<\/p>\n<p>\n  Como Usuario del Sitio Web es el \u00fanico responsable de la veracidad y correcci\u00f3n de los datos remitidos al Sitio Web exonerando al Titular de cualquier responsabilidad al respecto.\n<\/p>\n\n\n<h2>Aceptaci\u00f3n y consentimiento<\/h2>\n<p> \n  Como Usuario del Sitio Web declara haber sido informado de las condiciones sobre protecci\u00f3n de datos de car\u00e1cter personal, acepta y consiente el tratamiento de los mismos por parte del Titular en la forma y para las finalidades indicadas en esta Pol\u00edtica de Privacidad.\n<\/p>\n<p>\n  Para contactar con el Titular, suscribirse a un bolet\u00edn o realizar comentarios en este sitio Web tiene que aceptar la presente Pol\u00edtica de Privacidad.\n<\/p>\n\n\n<h2>Cambios en la Pol\u00edtica de Privacidad<\/h2>\n<p>\n  El Titular se reserva el derecho a modificar la presente Pol\u00edtica de Privacidad para adaptarla a novedades legislativas o jurisprudenciales, as\u00ed como a pr\u00e1cticas de la industria.\n<\/p>\n<p> \n  Estas pol\u00edticas estar\u00e1n vigentes hasta que sean modificadas por otras debidamente publicadas.\n<\/p>\n<p class=\"p1\"><span class=\"s1\"><b>POL\u00cdTICA DE PRIVACIDAD<\/b><\/span><\/p>\n<p class=\"p1\"><span class=\"s2\"><b>L.A. ROCK ENTERTAINMENT S.L.<\/b>, como responsable del tratamiento, ha dise\u00f1ado una POL\u00cdTICA DE PRIVACIDAD de conformidad con el Reglamento (UE) 2016\/679 del Parlamento Europeo y del Consejo, de 27 de abril, relativo a la protecci\u00f3n de las personas f\u00edsicas en lo que respecta al tratamiento de datos personales y a la libre circulaci\u00f3n de estos datos, as\u00ed como a la normativa nacional que lo traspone Ley Org\u00e1nica 3\/2018, de 5 de diciembre, de Protecci\u00f3n de Datos Personales y garant\u00eda de los derechos digitales.<\/span><\/p>\n<p class=\"p1\"><span class=\"s2\">En cumplimiento de la normativa vigente, L.A. ROCK ENTERTAINMENT S.L. ha adoptado las medidas t\u00e9cnicas y organizativas necesarias para mantener el nivel de seguridad requerido en atenci\u00f3n a los datos personales tratados. Asimismo, est\u00e1 dotada de los mecanismos precisos para evitar en la medida de lo posible los accesos no autorizados, sustracciones y modificaciones il\u00edcitas y la p\u00e9rdida de los datos.<\/span><\/p>\n<p class=\"p1\"><span class=\"s2\"><b>\u00bfQui\u00e9n es el responsable del tratamiento de sus datos?<\/b><\/span><\/p>\n<p class=\"p1\"><span class=\"s1\">Identidad<\/span><span class=\"s2\">: L.A. ROCK ENTERTAINMENT S.L.<\/span><\/p>\n<p class=\"p1\"><span class=\"s1\">C.I.F.<\/span><span class=\"s2\"> B-82604968<\/span><\/p>\n<p class=\"p1\"><span class=\"s1\">Direcci\u00f3n postal<\/span><span class=\"s2\">: C\/ Poniente, 31, Las Rozas \u2013 28290 (Madrid)<\/span><\/p>\n<p class=\"p1\"><span class=\"s1\">Tel\u00e9fono<\/span><span class=\"s2\">: 91 630 20 67<\/span><\/p>\n<p class=\"p3\"><span class=\"s3\">Correo electr\u00f3nico<\/span><span class=\"s4\">: <a href=\"mailto:administracion@larock.com.es\"><span class=\"s5\">administracion@larock.com.es<\/span><\/a><\/span><\/p>\n<p class=\"p1\"><span class=\"s2\"><b>\u00bfCon qu\u00e9 finalidad tratamos sus datos personales?<\/b><\/span><\/p>\n<p class=\"p1\"><span class=\"s2\">En L.A. ROCK ENTERTAINMENT S.L. tratamos sus datos personales con la finalidad de llevar a cabo, correctamente, la gesti\u00f3n profesional y la relaci\u00f3n comercial, as\u00ed como el contacto con usted para posibilitar la prestaci\u00f3n del servicio solicitado.<\/span><\/p>\n<p class=\"p1\"><span class=\"s2\">Asimismo, se desean utilizar sus datos para ofrecerle productos o servicios relacionados con los solicitados por Usted, por cualquier medio, incluso una vez terminada la relaci\u00f3n negocial y\/o contractual.<\/span><\/p>\n<p class=\"p4\"><span class=\"s2\"> Acepto este tratamiento <\/span><\/p>\n<p class=\"p1\"><span class=\"s2\"><b>\u00bfQu\u00e9 datos tratamos?<\/b><\/span><\/p>\n<p class=\"p1\"><span class=\"s2\">En el marco de la prestaci\u00f3n de servicios y condicionado a las finalidades establecidas en el apartado anterior y consentidas por usted, L.A. ROCK ENTERTAINMENT S.L. tratar\u00e1 los datos estrictamente necesarios para la correcta gesti\u00f3n de la relaci\u00f3n contractual y\/o prestaci\u00f3n del servicio, y ser\u00e1n exclusivamente los datos que usted nos haya facilitado, por lo que los datos personales que tratamos proceden exclusivamente del propio interesado.<\/span><\/p>\n<p class=\"p1\"><span class=\"s2\"><b>\u00bfDurante cu\u00e1nto tiempo trataremos sus datos?<\/b><\/span><\/p>\n<p class=\"p1\"><span class=\"s2\">Los datos personales proporcionados se conservar\u00e1n mientras se mantenga la relaci\u00f3n profesional y, en su caso, comercial, y cinco a\u00f1os m\u00e1s a partir de la \u00faltima relaci\u00f3n contractual, de acuerdo con las exigencias legales.<\/span><\/p>\n<p class=\"p1\"><span class=\"s2\"><b>\u00bfCu\u00e1l es la legitimaci\u00f3n para el tratamiento de sus datos?<\/b><\/span><\/p>\n<p class=\"p1\"><span class=\"s2\">La base legal para el tratamiento de sus datos es la aprobaci\u00f3n y ejecuci\u00f3n de un contrato de prestaci\u00f3n de servicios, seg\u00fan los t\u00e9rminos y condiciones detallados. O, bien esta legitimaci\u00f3n est\u00e1 otorgada por su consentimiento expreso, como principal interesado.<\/span><\/p>\n<p class=\"p1\"><span class=\"s2\">No obstante, los datos solo podr\u00e1n ser utilizados para los fines expuestos en el anterior ep\u00edgrafe, de acuerdo con los principios de transparencia y de limitaci\u00f3n de la finalidad.<\/span><\/p>\n<p class=\"p1\"><span class=\"s2\"><b>\u00bfA qu\u00e9 destinatarios se comunicar\u00e1n sus datos?<\/b><\/span><\/p>\n<p class=\"p1\"><span class=\"s2\">Los datos no se comunicar\u00e1n o ceder\u00e1n a ning\u00fan tercero, salvo en aquellos casos en que as\u00ed se exija legalmente que se comunicar\u00e1n a las entidades p\u00fablicas con competencia en la materia.<\/span><\/p>\n<p class=\"p1\"><span class=\"s2\">Pero, s\u00ed tendr\u00e1n acceso a los mismos terceras partes, tales como encargados del tratamiento, que aseguran la confidencialidad de los mismos. Estos servicios prestados por terceros son necesarios para el desarrollo de nuestra actividad y, en todo momento, el tratamiento de los datos que lleven a cabo se rige por un contrato que vincula al encargado respecto a nuestra entidad. En ning\u00fan caso utilizar\u00e1n la informaci\u00f3n para otros fines y lo tratar\u00e1n conforme a las directrices estipuladas por nuestra entidad, acorde a la normativa vigente en materia de protecci\u00f3n de datos.<\/span><\/p>\n<p class=\"p1\"><span class=\"s2\"><b>\u00bfCu\u00e1les son sus derechos cuando nos facilita sus datos?<\/b><\/span><\/p>\n<p class=\"p1\"><span class=\"s2\">Cualquier persona tiene derecho a obtener confirmaci\u00f3n sobre si L.A. ROCK ENTERTAINMENT S.L. estamos tratando datos personales que les conciernan. En este sentido, tiene usted derecho a solicitar:<\/span><\/p>\n<ul class=\"ul1\">\n<li class=\"li1\"><span class=\"s2\">Acceso: el interesado tendr\u00e1 derecho a obtener del responsable del tratamiento confirmaci\u00f3n de si se est\u00e1n tratando o no los datos que le conciernan, as\u00ed como informaci\u00f3n detallada acerca de determinados aspectos del tratamiento.<\/span><\/li>\n<\/ul>\n<ul class=\"ul1\">\n<li class=\"li1\"><span class=\"s2\">Rectificaci\u00f3n: el interesado tendr\u00e1 derecho a obtener la rectificaci\u00f3n de los datos personales inexactos o que se completen aquellos que fueran incompletos.<\/span><\/li>\n<\/ul>\n<ul class=\"ul1\">\n<li class=\"li1\"><span class=\"s2\">Supresi\u00f3n: el interesado tendr\u00e1 derecho a solicitar la supresi\u00f3n de sus datos personales, estando, en todo caso, sujeta a los l\u00edmites establecidos en la normativa reguladora.<\/span><\/li>\n<\/ul>\n<ul class=\"ul1\">\n<li class=\"li1\"><span class=\"s2\">Limitaci\u00f3n del tratamiento: el interesado tendr\u00e1 derecho a solicitar la limitaci\u00f3n respecto al tratamiento de sus datos de car\u00e1cter personal.<\/span><\/li>\n<\/ul>\n<ul class=\"ul1\">\n<li class=\"li1\"><span class=\"s2\">Oposici\u00f3n al tratamiento: en determinadas circunstancias y por motivos relacionados con su situaci\u00f3n particular, los interesados podr\u00e1n oponerse al tratamiento de sus datos; L.A. ROCK ENTERTAINMENT S.L. dejar\u00e1 de tratar los datos, salvo por motivos leg\u00edtimos, imperiosos, o por el ejercicio o la defensa de posibles reclamaciones.<\/span><\/li>\n<\/ul>\n<ul class=\"ul1\">\n<li class=\"li1\"><span class=\"s2\">Derecho a la portabilidad de sus datos: el interesado tendr\u00e1 derecho a recibir los datos personales que le incumban, que haya facilitado a L.A. ROCK ENTERTAINMENT S.L., como responsable del tratamiento, en un formato estructurado, de uso com\u00fan y lectura mec\u00e1nica, y a transmitirlos a otro responsable del tratamiento.<\/span><\/li>\n<\/ul>\n<p class=\"p1\"><span class=\"s2\">Usted podr\u00e1 ejercer los referidos derechos, dirigi\u00e9ndose a L.A. ROCK ENTERTAINMENT S.L. Para ello, puede utilizar los datos de contacto facilitados al inicio de la presente Pol\u00edtica<\/span><\/p>\n<p class=\"p1\"><span class=\"s2\">Asimismo, le informamos de que, en los t\u00e9rminos establecidos en la legislaci\u00f3n vigente, usted podr\u00e1 revocar los consentimientos que no haya facilitado para alguna finalidad espec\u00edfica, sin que ello afecte a la licitud del tratamiento, basado en el consentimiento previo a su retirada. <\/span><\/p>\n<p class=\"p1\"><span class=\"s2\">En caso de que usted entendiera que no se han atendido adecuadamente sus derechos, podr\u00e1 presentar una reclamaci\u00f3n en Espa\u00f1a ante la Agencia Espa\u00f1ola de Protecci\u00f3n de Datos (C\/ Jorge Juan, 6, 28001 \u2013 Madrid o <a href=\"http:\/\/www.aepd.es\"><span class=\"s5\">www.aepd.es<\/span><\/a>), as\u00ed como a solicitar ante dicho organismo informaci\u00f3n y tutela sobre el ejercicio de sus derechos.<\/span><\/p>\n","protected":false},"excerpt":{"rendered":"<p>El Titular le informa sobre su Pol\u00edtica de Privacidad respecto del tratamiento y protecci\u00f3n de los datos de car\u00e1cter personal de los usuarios que puedan ser recabados durante la navegaci\u00f3n a trav\u00e9s del Sitio Web: http:\/\/larock.com.es\/site En este sentido, el Titular garantiza el cumplimiento de la normativa vigente en materia de protecci\u00f3n de datos personales, [&hellip;]<\/p>\n","protected":false},"author":2,"featured_media":0,"parent":0,"menu_order":0,"comment_status":"closed","ping_status":"closed","template":"","meta":{"footnotes":""},"class_list":["post-1531","page","type-page","status-publish","hentry"],"_links":{"self":[{"href":"http:\/\/larock.com.es\/site\/wp-json\/wp\/v2\/pages\/1531","targetHints":{"allow":["GET"]}}],"collection":[{"href":"http:\/\/larock.com.es\/site\/wp-json\/wp\/v2\/pages"}],"about":[{"href":"http:\/\/larock.com.es\/site\/wp-json\/wp\/v2\/types\/page"}],"author":[{"embeddable":true,"href":"http:\/\/larock.com.es\/site\/wp-json\/wp\/v2\/users\/2"}],"replies":[{"embeddable":true,"href":"http:\/\/larock.com.es\/site\/wp-json\/wp\/v2\/comments?post=1531"}],"version-history":[{"count":1,"href":"http:\/\/larock.com.es\/site\/wp-json\/wp\/v2\/pages\/1531\/revisions"}],"predecessor-version":[{"id":1532,"href":"http:\/\/larock.com.es\/site\/wp-json\/wp\/v2\/pages\/1531\/revisions\/1532"}],"wp:attachment":[{"href":"http:\/\/larock.com.es\/site\/wp-json\/wp\/v2\/media?parent=1531"}],"curies":[{"name":"wp","href":"https:\/\/api.w.org\/{rel}","templated":true}]}}